 -5*o. Calculate the remainder when 184 is divided by o.
14
Let h be (-46)/(-3) + (-7)/((-105)/10). Let o be h/4 + 59*4. Suppose 0 = 3*j + 2*r - 234, r = -3*j - 3*r + o. What is the remainder when j is divided by 20?
16
Suppose -24*m + 27*m = o - 17, -5*m = -25. Calculate the remainder when o is divided by 5.
2
Suppose -44*b + 157*b - 187015 = 0. Calculate the remainder when b is divided by 92.
91
Let k = -5 + 169. Let x(i) = -615*i + 1869. Calculate the remainder when k is divided by x(3).
20
Let i(k) = 5*k**2 - 2*k - 1. Let w be i(-1). What is the remainder when 148 is divided by (-87 + w + 3)/(-2)?
31
Let o = 16 - -89. Suppose o = 6*b - 69. What is the remainder when 57 is divided by b?
28
Let b = 19 + -16. Let h = 77 - 74. Suppose h*y = -j + 33, 2*y + b*y = -4*j + 139. Calculate the remainder when 141 is divided by j.
33
Suppose 4*q + 10*x - 5*x = -51, -4*x = 4*q + 52. What is the remainder when (-654)/q + 4/14 is divided by 16?
15
Suppose 20 = 8*j - 12. Suppose j*m + 70 = 5*r, 5*r - 4*m = -2*m + 60. What is the remainder when 26 is divided by r?
6
Let q(j) = -18*j + 16. Let x be (-1)/(3/15) - -2. Suppose -5*i = 5*a - 75, 4*i + 0*a - 69 = -a. What is the remainder when q(x) is divided by i?
16
Suppose -33 = -2*u - w - 0*w, 5*w + 31 = 4*u. Suppose -20*o + u*o = -12. Let j(l) = l**3 + 3*l**2 - 6. What is the remainder when 79 is divided by j(o)?
9
Let d be ((5 + 1)*-1)/(4/(-10)). Suppose -m + 0 + d = 0. What is the remainder when (6/(-8) + m/12)*214 is divided by 22?
19
Let i(a) = 14*a**2 - 67*a - 201. Suppose 12*h = -4*h - 48. Calculate the remainder when i(h) is divided by 8.
6
Let w(f) be the second derivative of 7/6*f**3 + 0 - 22*f - 11/12*f**4 - 5*f**2 + 1/20*f**5. Calculate the remainder when w(11) is divided by 35.
32
Suppose -1810 = -2*n - 5*u, u - 2443 = -3*n + 272. Calculate the remainder when n is divided by 89.
15
Let i = 5619 - 5604. What is the remainder when 230 is divided by i?
5
Let y = -21451 + 21593. Calculate the remainder when 338 is divided by y.
54
Let k(x) = -23*x - 4. Let p be k(-3). Suppose -p*a + 156 = -69*a. Let o = 51 + a. What is the remainder when 167 is divided by o?
11
What is the remainder when -8337*(-15 + (-1648)/(-112)) is divided by 11?
6
Suppose 0 = -5*m + 28 + 567. Let c = 3 - 44. Let z = m + c. What is the remainder when z is divided by 16?
14
Let y = 130 + -117. Let c(b) = b**3 - 14*b**2 + 16*b - 28. What is the remainder when 38 is divided by c(y)?
5
Let h be 5 + (-7)/(42/552). Calculate the remainder when 9/(-21) + h/(-7) is divided by 7.
5
Let w = 21358 + -21366. Let k(x) be the third derivative of x**4/6 + 19*x**3/3 - x**2. Calculate the remainder when 26 is divided by k(w).
2
What is the remainder when (-2)/6 + 1240/12 is divided by (6/(-4) + 9)/(6/12)?
13
Let g(d) = 2*d**3 - 6*d**2 - 22*d + 6. Let p be g(5). Let m be 88/12 - (-4)/6. Calculate the remainder when 12 is divided by (-5)/(2*p/m).
2
Let u be (-4)/(-2) - (-48)/16. Suppose -2*d = o + 4*o - 2, -u*o + 35 = 5*d. What is the remainder when 61 is divided by d?
6
Let h = -9337 - -9375. Calculate the remainder when 636 is divided by h.
28
Let y = -737 - -1246. Let w = y - 150. What is the remainder when w is divided by 72?
71
Suppose 0*g - 82 = -5*g - 4*c, -g + 3*c + 24 = 0. What is the remainder when (-33700)/1348 - 1*-1337 is divided by g?
16
Let w = 38 + -28. Let y = -50 + 76. Let z = -23 + y. What is the remainder when w is divided by z?
1
Let w = -5 + 13. Suppose 193*o - 149763 - 32703 = -365*o. What is the remainder when o is divided by w?
7
Suppose -142*j + 12044 = -1304. Calculate the remainder when 812 is divided by j.
60
Let r be (6*(-2)/(-8) - -4)*420. Suppose -6*g + r = 24*g. Calculate the remainder when g is divided by 4.
1
Let a = -43 + -47. Let d be a/(-24)*(-8)/(-6). Suppose -5*f + 38 = -y - 11, -45 = -d*f + 5*y. Calculate the remainder when 28 is divided by f.
8
Let s be (-7 - -6)/(1/(-2)). Suppose s*j - 3*w - 2 = -8*w, 0 = 4*j - 3*w - 30. Suppose 0*b - 318 = -j*b. Calculate the remainder when b is divided by 14.
11
Suppose -n + 3 = 0, 4*n = 4*j - n + 51. Calculate the remainder when 136 + 0 + (-4 - j) is divided by 29.
25
Let a(q) = 2*q**3 - 24*q**2 + 9*q - 53. Let t = -51 + 59. What is the remainder when a(12) is divided by t?
7
Let s(h) = -10 + 0*h + 3*h - 2*h - 3. Let r be s(16). Suppose 0 = 5*f + 2*u - 296, -159 = -2*f - r*u - 34. What is the remainder when f is divided by 12?
10
Let o = 7208 + -6813. Calculate the remainder when o is divided by 37.
25
What is the remainder when (186/4)/(10/(120/2)) is divided by 57?
51
Let q = -127 - -144. Let m be 28/(-6)*(-24)/28. Suppose -m*w - 2*o + 132 = 0, 16 = -w + 5*o + 38. Calculate the remainder when w is divided by q.
15
Calculate the remainder when 9404 is divided by 2*(-66)/(-24)*2 + -2 + 6.
14
Let n(r) = r**2 - 17*r + 81. Let d be n(11). Let a(w) = 2*w**2 - 24*w - 47. Calculate the remainder when a(d) is divided by 25.
18
What is the remainder when 393*1 + (18 - 15 - 3) is divided by 65?
3
Suppose 3*v + 1176 = -3*r, 0 = -5*r + 7*r + 5*v + 778. Let w = r + 441. Calculate the remainder when w is divided by 37.
10
Let a(j) = 8*j**2 + 13*j + 49. Let v be a(-6). Let i = v - 253. Calculate the remainder when 167 is divided by i.
5
Let g(d) = 5*d**2 - 34*d + 125. What is the remainder when g(8) is divided by 20?
13
Let n = -209 + 346. Let f(s) = -s**2 + 22*s + 7. Calculate the remainder when n is divided by f(21).
25
Calculate the remainder when (((-562)/(-2))/(-1))/(-41 - (-405)/10) is divided by 92.
10
Suppose 3*s - 1507 = -4*m, 218*m - 1099 = 215*m + 4*s. What is the remainder when 1021 is divided by m?
275
Let o(d) = -11*d**2 - 20*d - 55. Let u be o(-3). Let w = 151 + u. What is the remainder when w is divided by 21?
15
Let z(x) = -x**3 + x**2 + 15*x + 20. Suppose i + 3*v - 51 - 29 = 0, -4*i + 5*v = -303. Calculate the remainder when i is divided by z(-4).
37
Let j(w) = 2*w**2 - w + 12. Suppose 8*d = 13*d. Let m be j(d). What is the remainder when (8/m)/(265/132 + -2) is divided by 18?
16
Let j(k) = 9*k + 14. Let p be j(28). Let f = 285 - p. Calculate the remainder when 52 is divided by f.
14
Let g = 8334 + -8332. Calculate the remainder when 1328 is divided by g.
0
Let a = -226 + 344. Let l(s) = -37*s + 7. Calculate the remainder when a is divided by l(0).
6
Let r = -7 - 1. Let h(b) = b**2 + 7*b + 3. Let p = 16471 - 16397. Calculate the remainder when p is divided by h(r).
8
Suppose i - 253*w + 257*w - 131 = 0, -4*i + 569 = w. Calculate the remainder when i is divided by 24.
23
Suppose -2*d + f = -5*d + 542, 3*d = -5*f + 550. Suppose -22*q + 4660 = -d. Calculate the remainder when q is divided by 78.
64
Suppose -2*g + 3*l = -34, 4*g - g = -2*l + 25. Suppose 39*r - 168 = g*r. What is the remainder when 77 is divided by r?
5
Let l(p) = -11*p + 5. Suppose -8*m = -4*m - 16. Suppose -m*u - u = -800. What is the remainder when u is divided by l(-2)?
25
Calculate the remainder when 275/6 + (61/(-915))/(4/(-10)) is divided by 13.
7
Let t(k) = 4*k**2 + 16*k - 96. What is the remainder when 474 is divided by t(4)?
26
Let z be -5*1/(-15)*-5*-246. Suppose 0 = 3*r - 12, -12*y + z = -7*y + 5*r. Calculate the remainder when 310 is divided by y.
76
Suppose d = 7*d + 4*p + 112, 5*d - 3*p + 68 = 0. Let o(r) = -3*r + 7. Let t be o(5). Calculate the remainder when ((-76)/d)/((-1)/t) - 0 is divided by 8.
6
Let c(g) = 2*g**2 - 66*g + 351. Suppose -k = -13 + 3. What is the remainder when c(6) is divided by k?
7
What is the remainder when 426 is divided by 7740/(-24)*(-60)/225?
82
Let i = -765 + 1571. Suppose 3*y - i = -x, 3*x - y - 2410 = -6*y. Suppose -11*r + 1994 + x = 0. What is the remainder when r is divided by 32?
30
Suppose -2*y = p - 8, -3*p + 0*y + 60 = -3*y. Calculate the remainder when (-47592)/(-88) - (9 - 101/11) is divided by p.
13
Suppose 0 = -4*z - l + 180 + 256, -l - 428 = -4*z. Let t = z + -29. What is the remainder when t is divided by -4*(62/(-8) - -1)?
25
Calculate the remainder when 1743 is divided by (-5)/(11 - 68057/6182) + 5.
42
Suppose 2*l + 106*l - 15856 = 3800. What is the remainder when 371 is divided by l?
7
Let g(z) = 26*z**2 - 1621*z + 580. Let y = -29 + 91. Calculate the remainder when y is divided by g(62).
18
What is the remainder when 1675 is divided by 74/